 v and q?
12
Suppose -9408 = -199*j + 3*j. Calculate the highest common divisor of j and 17248.
16
Let s = -10792 + 15835. Calculate the highest common factor of s and 123.
123
Let y = 2216 - 1840. Let u = 78 + -31. Calculate the greatest common divisor of y and u.
47
Let r(f) = -f**2 + 53*f + 460. Let x be r(-7). What is the highest common divisor of 135 and x?
5
Suppose 9*d - 3*l = 8*d + 28, 2*l = -2*d. Let f = 1 - 2. Let w = f - -2. What is the highest common divisor of w and d?
1
Let k be (-6)/21 + (-368)/(-14). Let r be k/(-2 + (3 - 3)). Let x be 318/39 + 2/r. Calculate the highest common factor of x and 88.
8
Let q be -7 + 19/(57/(-2086))*(-2 + -10). Calculate the highest common divisor of 21 and q.
21
Let p(t) = -t + 1. Let f(j) = -j + 24. Let n(z) = -f(z) - 6*p(z). Let h be n(4). Let k be 7 + 3 + -2 + h/(-1). What is the highest common factor of 110 and k?
10
Suppose -20*k + 34 + 58 = -68. Calculate the highest common divisor of k and 5840.
8
Suppose -4*u - 3*g = -2435, -1825 = -3*u - 2027*g + 2025*g. Calculate the highest common divisor of 715 and u.
55
Let k(n) be the second derivative of n**4/6 + n**3/3 - 26*n**2 - 42*n. Let o be k(7). What is the highest common factor of 60 and o?
60
Suppose 0 = -20*t + 36*t - 17840. Suppose -5*d = -g + t, 17*g + 5*d = 15*g + 2260. What is the highest common factor of 45 and g?
45
Let u(s) = 9*s**2 - 233*s - 2. Let k be u(26). Calculate the highest common factor of k and 232.
8
Let n(s) = -2*s**2 - 27*s + 31. Let r be n(-8). Let o(k) = k**2 + 47*k + 158. Let i be o(-45). What is the greatest common factor of i and r?
17
Let c = -1279 + 1330. Let j(q) = 21*q**2 + 1. Let y be j(-2). Calculate the highest common factor of y and c.
17
Suppose 0 = -15*s + 8469 + 20091. Suppose 1899*l + 15 = s*l. Calculate the greatest common factor of l and 96.
3
Let s = 41428 + -39785. Calculate the greatest common divisor of s and 589.
31
Suppose 0*l - 22 = -l. Suppose 58*y - 6658 + 2830 = 0. What is the greatest common factor of l and y?
22
Let y(o) = 8*o - 177. Let p be y(23). Suppose p = 2*z + 11, -356 = -5*i + 3*z. What is the greatest common factor of 10 and i?
10
Suppose q = 5*s - 1492, -5*s - q - 4*q + 1510 = 0. Suppose s = 5*n - 221. What is the highest common divisor of 156 and n?
52
Let o = -264 - -288. Suppose o*f - 15*f - 126 = 0. What is the greatest common factor of f and 28?
14
Let o = 104 + -104. Suppose 2*a + 268 = 4*g, o*a + 2*a + 265 = 5*g. Let c = -75 - a. What is the greatest common factor of 13 and c?
13
Let b(h) = -12*h + 1211. Let f be b(-122). What is the highest common divisor of 175 and f?
25
Let m(v) = -16*v + 4. Let k(l) = l**3 - 4*l**2 + 2*l - 2. Let y be k(2). Let c be m(y). Let d = 459 + -434. Calculate the greatest common divisor of d and c.
25
Let d(f) be the third derivative of f**4/4 - 29*f**3/6 - 76*f**2. Let g be d(8). What is the greatest common divisor of 247 and g?
19
Suppose -180 = -16*t - 2*t. Let l(k) = 9*k**2 - 7*k. Let a be l(5). What is the highest common factor of t and a?
10
Let p be (-2813)/(-2) + (258/(-12) - -23). Calculate the highest common divisor of p and 160.
32
Let l be (8 + -2)/(3/21). Let c be (-28)/6*(-522)/(-203). Let x = -6 - c. Calculate the greatest common divisor of x and l.
6
Let r = -308 + 1172. Suppose -60*l + 54*l = -r. Suppose 4*v = k - 2*k + 20, 5*k = 4*v - 44. What is the highest common factor of l and v?
6
Suppose -21*j + 551 = c, 5*j - c = -5*c + 150. Suppose -d + 1196 = d. What is the greatest common factor of j and d?
26
Let f be (-104)/(-24)*(-3 + 6). Suppose -f*a - 4*a + 969 = 0. Calculate the greatest common divisor of 38 and a.
19
Let x = 4729 + -1590. Let p(j) = -6*j + 2. Let k be p(-2). Suppose 865 = k*t - x. What is the highest common factor of 26 and t?
26
Let n = -7222 - -7278. What is the highest common divisor of n and 1328?
8
Let l = -351 + 523. Let z = l + -78. Suppose -5*c + 152 = s - 2*s, -2*s = -3*c + z. What is the greatest common factor of 210 and c?
30
Let o(p) = 63*p + 4426. Let j be o(-70). What is the highest common factor of 484 and j?
4
Let q be (-4)/104*-1174 - (-2)/(-13). Let f be (9 - (1 - -2))*(-9)/(-3). What is the greatest common factor of q and f?
9
Suppose -129*j - 747*j + 12264 = 0. Suppose 3*z = -3*u + 132, 3*z + 36 = u - 0*u. What is the greatest common divisor of u and j?
14
Suppose 4*d - 119 + 7 = 0. Let o be 11/(-3 - -4) - -115. Calculate the highest common divisor of o and d.
14
Suppose -d = 2*d + 3. Suppose 205 = 30*i - 2195. Let m be (d/2)/(79/i - 1). What is the greatest common divisor of m and 16?
8
Suppose 3*j + 5*s = 22479, 15*j + 15024 = 17*j - 3*s. What is the highest common factor of j and 123?
123
Let n be (-4)/6*-42 + -3. Suppose 12*g - 100 = -13*g + 15*g. Calculate the highest common factor of n and g.
5
Suppose 0 = -30*i + 4977 + 13983. Calculate the highest common factor of 31284 and i.
316
Suppose 10*q - 267 - 843 = 0. Let d be (-1)/(-2 + q/57). Suppose -w + 0*w + 17 = -3*v, 2*w - v - d = 0. What is the highest common divisor of 2 and w?
2
Let w(t) = 2*t**2 - 4*t - 3. Let s be w(-6). Suppose -53 + s = 5*g. Suppose -2*d = r - 22, -g = r - 7*d + 3*d. What is the greatest common divisor of 12 and r?
12
Let g = 88 + -63. Suppose 5*f - g = 4*f. Suppose 5*s = -0*s - f, 3*c - 53 = s. What is the highest common factor of 80 and c?
16
Let x = 522 - 484. Let h be ((-90)/25 - -2)/((-2)/760). What is the greatest common factor of x and h?
38
Suppose 75 = l - 3*n, -4*l + 3*n + 330 = n. Calculate the greatest common factor of l and 147.
21
Let d be 297/12 - -2 - 2/(-8). Suppose d + 12 = 3*m. Let h be (1 + m)/2 + 4/4. What is the highest common divisor of h and 8?
8
Let g(x) = 279*x**2 + 762*x + 5268. Let a be g(-7). Calculate the highest common divisor of 45 and a.
15
Let a be (-6)/9 - ((-4660)/(-3))/(-5). Calculate the greatest common factor of a and 40.
10
Let n(w) = w**2 - 187*w + 8801. Let s be n(92). Suppose 0*z = -4*z + 244. What is the greatest common factor of z and s?
61
Suppose 3*h + 21498 = -59*w + 62*w, 3*w = -4*h + 21456. What is the greatest common divisor of 40 and w?
40
Let q(r) = -r + 12. Let b be q(7). Suppose b*h = 12 + 8. Let y be (-2 + 4)/((-2)/(-36) - 0). What is the highest common divisor of h and y?
4
Let v = -6 + 6. Let u be v + -1 - (-2 - 2). Let r = -69 + 72. Calculate the highest common divisor of r and u.
3
Let o = -4653 - -5004. Calculate the greatest common factor of 7137 and o.
117
Let x be (-72)/(-48)*(-44)/(-6). Suppose 0 = x*v - 463 + 23. Calculate the greatest common divisor of 560 and v.
40
Let r(b) = -1216*b**2 + 9*b + 7. Let d be r(-1). Let z = d - -1758. What is the greatest common factor of z and 120?
60
Let u = -14440 - -14720. What is the highest common factor of 1078 and u?
14
Let z = 1605 - 1253. What is the greatest common factor of z and 550?
22
Let f be (-135)/(-20) - (-3)/(-4). Suppose 0 = 13*h + f*h - 152. What is the greatest common factor of 128 and h?
8
Let g be (3/(-4))/((-3402)/(-336)) + 8932/297. Suppose l = -2*l + 15. What is the greatest common divisor of g and l?
5
Suppose 2*v - 64 = -2*v - 4*x, -v + 19 = 4*x. Let z be -7*15*(-24)/v. Calculate the greatest common factor of 21 and z.
21
Let i(t) = -399*t + 5096. Let y be i(12). What is the greatest common factor of y and 35?
7
Let f = 1306 + 7211. Calculate the highest common factor of 51 and f.
51
Suppose 4*n = -n - 10, 6 = -4*v - 3*n. Suppose v = 3*s - 15, -18*s + 16*s = -2*i. Calculate the highest common factor of i and 90.
5
Let q(f) = 2*f + 16. Let m be q(-7). Let o be 90/(-3*(-1)/m). Suppose n = -3*n + o. What is the highest common divisor of 120 and n?
15
Suppose -4*v + 3*k + 12 = 0, 5*v + 3*k = 4*v + 3. Let m be -4 + v + 4 + 3. Calculate the highest common factor of 39 and m.
3
Let z = 38238 - 29159. What is the highest common divisor of z and 14?
7
Suppose j + 2*z - 107 = 0, j - 5*j + 3*z = -384. Suppose -24*a = -58*a + 25*a + 297. What is the highest common divisor of a and j?
33
Let x(r) = -4*r + 269. Suppose 2*i + 608 = 18*i. Let a be x(i). What is the greatest common divisor of 13 and a?
13
Suppose 1271*v = 1285*v - 224. Calculate the highest common factor of v and 2672.
16
Let o(a) = -20*a - 1. Let f be o(-1). Suppose 404 = -17*i + f*i. Let c = i + 22. Calculate the greatest co